665
Calculate the highest common divisor of 375 and 675895500.
375
Calculate the greatest common factor of 66673232 and 368.
16
What is the greatest common divisor of 13672891 and 1798?
899
What is the greatest common factor of 1440 and 184320?
1440
Calculate the highest common divisor of 242564177 and 34.
17
Calculate the greatest common factor of 5668 and 110313668.
436
What is the greatest common divisor of 679110334 and 70?
14
Calculate the highest common divisor of 1782 and 451516032.
1782
Calculate the highest common divisor of 1620982 and 88.
22
What is the greatest common factor of 16523280 and 8480?
4240
Calculate the greatest common divisor of 3348 and 12412710.
1674
Calculate the highest common factor of 8622 and 25.
1
What is the greatest common factor of 228 and 5567019?
57
What is the highest common factor of 4374 and 4415310?
486
Calculate the highest common factor of 5940180 and 12060.
180
Calculate the highest common factor of 30 and 2305070.
10
What is the highest common factor of 6474960 and 3315?
255
Calculate the highest common factor of 29738216 and 11120.
1112
What is the highest common factor of 8 and 9889433?
1
Calculate the highest common divisor of 64330070 and 4175.
835
What is the highest common divisor of 21811 and 1910387?
1283
Calculate the highest common factor of 2 and 30972414.
2
What is the highest common divisor of 30363 and 160689?
87
Calculate the greatest common divisor of 493 and 366322171.
493
What is the highest common divisor of 640 and 67085?
5
Calculate the highest common divisor of 2 and 8955012.
2
Calculate the greatest common factor of 1427099 and 289.
17
Calculate the highest common factor of 12657 and 18027787.
4219
Calculate the highest common divisor of 76 and 4441212.
76
What is the greatest common divisor of 9095194 and 246?
82
Calculate the highest common divisor of 64464807 and 363.
363
Calculate the highest common factor of 99 and 101224299.
33
Calculate the greatest common factor of 7997 and 114988863.
7997
Calculate the highest common factor of 105070 and 496831.
1501
Calculate the greatest common factor of 12992884 and 8740.
1748
What is the highest common divisor of 69133 and 2056?
257
What is the greatest common divisor of 264809 and 161376036?
7157
What is the highest common divisor of 29736700 and 11900?
700
Calculate the highest common divisor of 2946 and 79617.
3
Calculate the greatest common divisor of 150633 and 3389148.
189
What is the greatest common divisor of 91316470 and 34580?
1330
What is the greatest common factor of 437224 and 14147?
43
Calculate the highest common factor of 7627521 and 7662.
3831
What is the greatest common factor of 809480 and 72520?
1960
What is the highest common factor of 51 and 33853205?
17
Calculate the greatest common divisor of 6824 and 51886284.
3412
What is the greatest common factor of 2695 and 46189990?
385
Calculate the highest common factor of 49954153 and 2726.
29
What is the greatest common factor of 1569 and 64?
1
What is the greatest common factor of 7885257 and 2571?
2571
What is the greatest common factor of 87192 and 101248?
56
What is the greatest common divisor of 58713765 and 330?
165
What is the highest common factor of 409 and 166013509?
409
Calculate the greatest common divisor of 9735867 and 201.
3
What is the greatest common divisor of 11099175 and 143175?
6225
Calculate the greatest common divisor of 14123 and 534934.
29
What is the highest common factor of 683314 and 298?
298
What is the highest common factor of 58606157 and 2566?
1283
Calculate the highest common divisor of 7425 and 43759575.
675
What is the highest common factor of 3415412 and 388388?
4004
Calculate the greatest common factor of 940 and 39502090.
470
What is the greatest common divisor of 33403160 and 280?
280
What is the highest common factor of 383093 and 5?
1
Calculate the greatest common factor of 833681 and 91589.
67
What is the greatest common factor of 110292 and 191940?
84
Calculate the highest common divisor of 138 and 7055733.
69
What is the highest common factor of 25488 and 6147?
9
What is the greatest common factor of 117054 and 54?
18
Calculate the greatest common factor of 96966393 and 183.
183
What is the greatest common divisor of 9090 and 964652010?
3030
What is the highest common divisor of 622011 and 78189?
1167
What is the highest common factor of 132633 and 2115?
9
Calculate the highest common factor of 116948520 and 6.
6
Calculate the greatest common divisor of 21071 and 54587.
19
Calculate the highest common divisor of 27 and 20761263.
9
Calculate the highest common divisor of 274618377 and 1485.
297
Calculate the greatest common divisor of 2304 and 50151408.
48
What is the greatest common factor of 8321048 and 13774?
194
What is the greatest common factor of 122 and 37504?
2
Calculate the highest common divisor of 7844 and 82892.
212
Calculate the greatest common divisor of 102438 and 6912.
54
Calculate the greatest common factor of 1445 and 80020921.
289
What is the greatest common divisor of 385251 and 12339?
1371
Calculate the highest common factor of 202097532 and 104.
52
What is the greatest common divisor of 251728 and 1520?
16
Calculate the greatest common divisor of 294 and 697732.
14
Calculate the highest common factor of 17 and 108204388.
17
What is the greatest common factor of 36912 and 4162032?
48
Calculate the highest common factor of 30889 and 91885.
391
What is the greatest common factor of 295565559 and 28155?
5631
What is the greatest common divisor of 8344541 and 37?
1
What is the greatest common factor of 5 and 560797975?
5
Calculate the greatest common factor of 1820366 and 391346.
934
Calculate the greatest common divisor of 24651 and 371712.
33
Calculate the highest common divisor of 2006974 and 1218.
58
Calculate the highest common factor of 35064033 and 3064.
383
What is the highest common factor of 5510272 and 800?
32
Calculate the greatest common divisor of 5403033 and 18.
9
Calculate the highest common factor of 345064 and 6296.
8
What is the highest common divisor of 903783113 and 1011?
337
Calculate the greatest common factor of 2265 and 19560.
15
Calculate the highest common factor of 190300 and 11620.
20
What is the greatest common factor of 57660 and 4914120?
1860
What is the highest common divisor of 5676753 and 203059?
809
Calculate the highest common divisor of 100646274 and 2418.
186
What is the greatest common factor of 791 and 5559713?
113
What is the greatest common divisor of 3886950 and 1350?
150
What is the highest common divisor of 62553689 and 85712?
5357
Calculate the greatest common divisor of 52938538 and 6.
2
Calculate the greatest common divisor of 14782099 and 507211.
3649
Calculate the highest common factor of 4006735 and 11111.
271
Calculate the greatest common factor of 64818 and 10593588.
1662
What is the highest common factor of 114 and 11027904?
114
Calculate the highest common divisor of 27367848 and 12.
12
What is the greatest common factor of 3313 and 99830629?
3313
What is the highest common factor of 24 and 68083548?
12
Calculate the highest common divisor of 500 and 4733035.
5
Calculate the greatest common factor of 610327336 and 6392.
6392
Calculate the greatest common divisor of 48 and 60197022.
6
What is the greatest common divisor of 641851 and 679?
7
What is the greatest common divisor of 20790 and 322686?
126
What is the greatest common factor of 404 and 332616836?
404
What is the greatest common factor of 344 and 1944?
8
What is the greatest common factor of 245272 and 2381512?
7912
Calculate the greatest common factor of 598597 and 29639.
277
What is the greatest common factor of 147 and 17832948?
21
Calculate the greatest common divisor of 18392794 and 567.
7
Calculate the greatest common factor of 5139708 and 1029.
147
Calculate the highest common factor of 15402969 and 544.
17
What is the highest common factor of 6199 and 365579826?
6199
What is the highest common factor of 434604860 and 20?
20
Calculate the highest common divisor of 14413713 and 18.
3
What is the highest common factor of 1164 and 53086839?
291
What is the highest common factor of 64784 and 21104?
16
What is the highest common divisor of 40228752 and 240?
48
Calculate the highest c